{"id":2,"date":"2018-11-20T20:25:25","date_gmt":"2018-11-20T20:25:25","guid":{"rendered":"http:\/\/antiguedadesdelcanal.com\/\/?page_id=2"},"modified":"2019-01-16T09:29:12","modified_gmt":"2019-01-16T14:29:12","slug":"sample-page","status":"publish","type":"page","link":"http:\/\/antiguedadesdelcanal.com\/","title":{"rendered":"Acerca de"},"content":{"rendered":"<p>La historia del Canal de Panam\u00e1 es \u00a0fascinante por lo que se hace imperioso resguardarla celosamente, en esa direcci\u00f3n, \u00a0\u201cAntig\u00fcedades del Canal\u201d ofrece una gran variedad de piezas antiguas, de la \u00e9poca de la construcci\u00f3n de la franja, que han sido creadas con laboriosidad y convertidas en aut\u00e9nticas obras de arte.<\/p>\n<p>Clavos, tuercas, pedazos de roca, rieles del ferrocarril, tapas de las ruedas del ferrocarril, placa de uni\u00f3n de durmientes en l\u00ednea y otras piezas, enriquecen\u00a0 una aut\u00e9ntica colecci\u00f3n, \u00fanica en detalles y de gran simbolismo.<\/p>\n<blockquote><p><span>Ellas representan un pedacito de historia, una manera de honrar la colosal obra y expresa la forma m\u00e1s aut\u00e9ntica de obsequiar una reliquia que exalta nuestro orgullo.<\/span><\/p><\/blockquote>\n<p>Cada pieza tiene Certificado de Autenticidad Notariado y\u00a0 las certificaciones correspondientes de\u00a0 derecho de autor otorgados por: MEDUCA y\u00a0 Panama Canal Commission.<\/p>\n<p>Estas piezas han sido obsequiadas como s\u00edmbolo de paname\u00f1idad a relevantes figuras internacionales. Al Papa Juan Pablo II \u00a0(Q.E.P.D) y al rey Juan Carlos de Espa\u00f1a, entre otros.<\/p>\n<blockquote><p><span>Antig\u00fcedades del Canal y los artesanos que confeccionan las reliquias anuncian que las mismas pueden llevar placas \u00a0personalizadas, mensajes y frases espec\u00edficas, grabadas con muestras de afecto o seg\u00fan la preferencia del cliente. Adem\u00e1s, pueden lucir una placa \u00a0con la representaci\u00f3n de un logo o el nombre de una empresa.<\/span><span><\/span><\/p><\/blockquote>\n","protected":false},"excerpt":{"rendered":"<p>La historia del Canal de Panam\u00e1 es \u00a0fascinante por lo que se hace imperioso resguardarla celosamente, en esa direcci\u00f3n, \u00a0\u201cAntig\u00fcedades del Canal\u201d ofrece una gran variedad de piezas antiguas, de la \u00e9poca de la construcci\u00f3n de la franja, que han sido creadas con laboriosidad y convertidas en aut\u00e9nticas obras de [&hellip;]<\/p>\n","protected":false},"author":1,"featured_media":62,"parent":0,"menu_order":0,"comment_status":"closed","ping_status":"closed","template":"","meta":{"footnotes":""},"class_list":["post-2","page","type-page","status-publish","has-post-thumbnail","hentry"],"_links":{"self":[{"href":"http:\/\/antiguedadesdelcanal.com\/index.php?rest_route=\/wp\/v2\/pages\/2","targetHints":{"allow":["GET"]}}],"collection":[{"href":"http:\/\/antiguedadesdelcanal.com\/index.php?rest_route=\/wp\/v2\/pages"}],"about":[{"href":"http:\/\/antiguedadesdelcanal.com\/index.php?rest_route=\/wp\/v2\/types\/page"}],"author":[{"embeddable":true,"href":"http:\/\/antiguedadesdelcanal.com\/index.php?rest_route=\/wp\/v2\/users\/1"}],"replies":[{"embeddable":true,"href":"http:\/\/antiguedadesdelcanal.com\/index.php?rest_route=%2Fwp%2Fv2%2Fcomments&post=2"}],"version-history":[{"count":3,"href":"http:\/\/antiguedadesdelcanal.com\/index.php?rest_route=\/wp\/v2\/pages\/2\/revisions"}],"predecessor-version":[{"id":158,"href":"http:\/\/antiguedadesdelcanal.com\/index.php?rest_route=\/wp\/v2\/pages\/2\/revisions\/158"}],"wp:featuredmedia":[{"embeddable":true,"href":"http:\/\/antiguedadesdelcanal.com\/index.php?rest_route=\/wp\/v2\/media\/62"}],"wp:attachment":[{"href":"http:\/\/antiguedadesdelcanal.com\/index.php?rest_route=%2Fwp%2Fv2%2Fmedia&parent=2"}],"curies":[{"name":"wp","href":"https:\/\/api.w.org\/{rel}","templated":true}]}}